{"id":277,"date":"2024-03-06T19:05:57","date_gmt":"2024-03-06T19:05:57","guid":{"rendered":"https:\/\/egesudergida.com\/?page_id=277"},"modified":"2024-03-06T19:08:52","modified_gmt":"2024-03-06T19:08:52","slug":"temel-gida-urunleri","status":"publish","type":"page","link":"https:\/\/egesudergida.com\/?page_id=277","title":{"rendered":"Temel G\u0131da \u00dcr\u00fcnleri"},"content":{"rendered":"\n<p>Mutfa\u011f\u0131n\u0131za lezzet katman\u0131n temeli burada! Temel g\u0131da \u00fcr\u00fcnleri koleksiyonumuz, g\u00fcnl\u00fck ihtiya\u00e7lar\u0131n\u0131z\u0131 kar\u015f\u0131lamak ve her \u00f6\u011f\u00fcn\u00fc \u00f6zel k\u0131lmak i\u00e7in tasarland\u0131. Taze sebzelerden \u00f6zenle se\u00e7ilmi\u015f meyvelere, unlu mamullerden sa\u011fl\u0131kl\u0131 ya\u011flara kadar geni\u015f bir yelpazede \u00fcr\u00fcnlerimizle sofralar\u0131n\u0131za de\u011fer kat\u0131yoruz. Kalite, tazelik ve besin de\u011feriyle \u00f6ne \u00e7\u0131kan temel g\u0131da \u00fcr\u00fcnlerimizle, sa\u011fl\u0131kl\u0131 ve lezzetli bir ya\u015fam\u0131n temellerini sizlere sunuyoruz.<\/p>\n\n\n\n<hr class=\"wp-block-separator aligncenter has-alpha-channel-opacity\"\/>\n","protected":false},"excerpt":{"rendered":"<p>Mutfa\u011f\u0131n\u0131za lezzet katman\u0131n temeli burada! Temel g\u0131da \u00fcr\u00fcnleri koleksiyonumuz, g\u00fcnl\u00fck ihtiya\u00e7lar\u0131n\u0131z\u0131 kar\u015f\u0131lamak ve her \u00f6\u011f\u00fcn\u00fc \u00f6zel k\u0131lmak i\u00e7in tasarland\u0131. Taze sebzelerden \u00f6zenle se\u00e7ilmi\u015f meyvelere, unlu mamullerden sa\u011fl\u0131kl\u0131 ya\u011flara kadar geni\u015f bir yelpazede \u00fcr\u00fcnlerimizle sofralar\u0131n\u0131za de\u011fer kat\u0131yoruz. Kalite, tazelik ve besin de\u011feriyle \u00f6ne \u00e7\u0131kan temel g\u0131da \u00fcr\u00fcnlerimizle, sa\u011fl\u0131kl\u0131 ve lezzetli bir ya\u015fam\u0131n temellerini sizlere sunuyoruz.<\/p>\n","protected":false},"author":1,"featured_media":0,"parent":0,"menu_order":0,"comment_status":"closed","ping_status":"closed","template":"","meta":{"footnotes":""},"class_list":["post-277","page","type-page","status-publish","hentry"],"_links":{"self":[{"href":"https:\/\/egesudergida.com\/index.php?rest_route=\/wp\/v2\/pages\/277","targetHints":{"allow":["GET"]}}],"collection":[{"href":"https:\/\/egesudergida.com\/index.php?rest_route=\/wp\/v2\/pages"}],"about":[{"href":"https:\/\/egesudergida.com\/index.php?rest_route=\/wp\/v2\/types\/page"}],"author":[{"embeddable":true,"href":"https:\/\/egesudergida.com\/index.php?rest_route=\/wp\/v2\/users\/1"}],"replies":[{"embeddable":true,"href":"https:\/\/egesudergida.com\/index.php?rest_route=%2Fwp%2Fv2%2Fcomments&post=277"}],"version-history":[{"count":2,"href":"https:\/\/egesudergida.com\/index.php?rest_route=\/wp\/v2\/pages\/277\/revisions"}],"predecessor-version":[{"id":283,"href":"https:\/\/egesudergida.com\/index.php?rest_route=\/wp\/v2\/pages\/277\/revisions\/283"}],"wp:attachment":[{"href":"https:\/\/egesudergida.com\/index.php?rest_route=%2Fwp%2Fv2%2Fmedia&parent=277"}],"curies":[{"name":"wp","href":"https:\/\/api.w.org\/{rel}","templated":true}]}}