{"id":259,"date":"2024-03-06T18:51:06","date_gmt":"2024-03-06T18:51:06","guid":{"rendered":"https:\/\/egesudergida.com\/?page_id=259"},"modified":"2024-03-06T18:51:27","modified_gmt":"2024-03-06T18:51:27","slug":"kahvaltiliklar","status":"publish","type":"page","link":"https:\/\/egesudergida.com\/?page_id=259","title":{"rendered":"Kahvalt\u0131l\u0131k"},"content":{"rendered":"\n<p>Kahvalt\u0131, g\u00fcn\u00fcn ba\u015flang\u0131c\u0131nda enerji dolu bir ba\u015flang\u0131\u00e7 yapman\u0131n anahtar\u0131d\u0131r. Kahvalt\u0131l\u0131k \u00fcr\u00fcnlerimiz, sa\u011fl\u0131kl\u0131 ve lezzetli bir kahvalt\u0131 i\u00e7in ideal se\u00e7enekleri sunar. Kahvalt\u0131l\u0131k gevreklerimiz, taze re\u00e7ellerimiz ve do\u011fal tah\u0131llar\u0131m\u0131z, g\u00fcne enerjik bir ba\u015flang\u0131\u00e7 yapman\u0131z\u0131 sa\u011flar. Sa\u011fl\u0131kl\u0131 beslenme al\u0131\u015fkanl\u0131klar\u0131n\u0131 destekleyen \u00fcr\u00fcnlerimizle, g\u00fcn\u00fcn\u00fcz\u00fc keyifli ve lezzetli bir \u015fekilde ba\u015flamak i\u00e7in buraday\u0131z.<\/p>\n\n\n\n<hr class=\"wp-block-separator aligncenter has-alpha-channel-opacity\"\/>\n","protected":false},"excerpt":{"rendered":"<p>Kahvalt\u0131, g\u00fcn\u00fcn ba\u015flang\u0131c\u0131nda enerji dolu bir ba\u015flang\u0131\u00e7 yapman\u0131n anahtar\u0131d\u0131r. Kahvalt\u0131l\u0131k \u00fcr\u00fcnlerimiz, sa\u011fl\u0131kl\u0131 ve lezzetli bir kahvalt\u0131 i\u00e7in ideal se\u00e7enekleri sunar. Kahvalt\u0131l\u0131k gevreklerimiz, taze re\u00e7ellerimiz ve do\u011fal tah\u0131llar\u0131m\u0131z, g\u00fcne enerjik bir ba\u015flang\u0131\u00e7 yapman\u0131z\u0131 sa\u011flar. Sa\u011fl\u0131kl\u0131 beslenme al\u0131\u015fkanl\u0131klar\u0131n\u0131 destekleyen \u00fcr\u00fcnlerimizle, g\u00fcn\u00fcn\u00fcz\u00fc keyifli ve lezzetli bir \u015fekilde ba\u015flamak i\u00e7in buraday\u0131z.<\/p>\n","protected":false},"author":1,"featured_media":0,"parent":0,"menu_order":0,"comment_status":"closed","ping_status":"closed","template":"","meta":{"footnotes":""},"class_list":["post-259","page","type-page","status-publish","hentry"],"_links":{"self":[{"href":"https:\/\/egesudergida.com\/index.php?rest_route=\/wp\/v2\/pages\/259","targetHints":{"allow":["GET"]}}],"collection":[{"href":"https:\/\/egesudergida.com\/index.php?rest_route=\/wp\/v2\/pages"}],"about":[{"href":"https:\/\/egesudergida.com\/index.php?rest_route=\/wp\/v2\/types\/page"}],"author":[{"embeddable":true,"href":"https:\/\/egesudergida.com\/index.php?rest_route=\/wp\/v2\/users\/1"}],"replies":[{"embeddable":true,"href":"https:\/\/egesudergida.com\/index.php?rest_route=%2Fwp%2Fv2%2Fcomments&post=259"}],"version-history":[{"count":2,"href":"https:\/\/egesudergida.com\/index.php?rest_route=\/wp\/v2\/pages\/259\/revisions"}],"predecessor-version":[{"id":267,"href":"https:\/\/egesudergida.com\/index.php?rest_route=\/wp\/v2\/pages\/259\/revisions\/267"}],"wp:attachment":[{"href":"https:\/\/egesudergida.com\/index.php?rest_route=%2Fwp%2Fv2%2Fmedia&parent=259"}],"curies":[{"name":"wp","href":"https:\/\/api.w.org\/{rel}","templated":true}]}}